*u + 7. Give r(-7).
0
Let r(l) = 3*l + 1. Calculate r(3).
10
Let o(w) = -w + 29. Determine o(6).
23
Let z(a) = a**3 + 11*a**2 - 26*a + 3. What is z(-13)?
3
Let j(d) = -d**3 + 16*d**2 - 8*d + 35. What is j(16)?
-93
Let b(x) = -x**3 - 3*x + 2. Give b(3).
-34
Let g(v) = -v**2 - 11*v + 6. Calculate g(-9).
24
Let r(q) = q**2 + 8*q + 7. What is r(-4)?
-9
Let v(l) = -11*l - 7. Calculate v(0).
-7
Let g(o) = -o**3 - 9*o**2 + 14*o - 5. Determine g(-10).
-45
Let n(d) = 12*d + 385. What is n(-32)?
1
Let z(o) = 2*o**2 - 12*o - 1. Determine z(5).
-11
Let u(i) = i**3 - 2*i**2 + 7*i + 13. What is u(-3)?
-53
Let u(i) = -i**3 + 20*i**2 + 22*i - 8. Calculate u(21).
13
Let x(r) = -10*r**2 - r - 2. Calculate x(-2).
-40
Let i(j) = -j**3 + 7*j**2 + j - 1. What is i(3)?
38
Let m(c) = -c**2 - 17*c + 8. What is m(-15)?
38
Let r(y) = -9*y**3 + 5*y**2 - 5*y + 2. Determine r(1).
-7
Let f(x) = x**2 - x - 30. Determine f(6).
0
Let x(j) = -3*j**2 + 1. Determine x(3).
-26
Let v(c) = 4*c + 1. Give v(5).
21
Let c(h) = -h**3 + h**2 + 4*h. Calculate c(-3).
24
Let s(g) = -g**3 + 30*g**2 + 216*g + 8. Calculate s(36).
8
Let i(y) = 196*y - 972. Calculate i(5).
8
Let f(u) = -u**3 + 5*u**2 + 2*u + 5. Calculate f(6).
-19
Let y(l) = 5*l + 14. What is y(0)?
14
Let v(m) = -m**3 + 7*m**2 + 7*m + 19. Calculate v(8).
11
Let l(y) = -6*y**2. Calculate l(-1).
-6
Let c(s) = s - 22. Give c(34).
12
Let m(z) = -3*z**2 + 4*z - 3. Determine m(3).
-18
Let y(p) = 44*p**3 + 2*p**2 + p - 1. Calculate y(-1).
-44
Let i(o) = 2*o - 2. What is i(8)?
14
Let c(s) = -6*s**3 + 29*s**2 + 8*s - 7. Calculate c(5).
8
Let b(c) = -c - 5. What is b(6)?
-11
Let a(d) = -7*d + 23. Calculate a(11).
-54
Let z(f) = -f**2 - 13*f - 8. Give z(-9).
28
Let n(j) = 69*j - 426. What is n(6)?
-12
Let t(k) = -4*k. Give t(13).
-52
Let f(z) = 13*z - 14. What is f(6)?
64
Let u(t) = -t**3 - 7*t**2 + 22*t + 115. Give u(-8).
3
Let k(f) = -2*f - 1. What is k(8)?
-17
Let z(f) = -f**3 + 8*f**2 + 3*f - 1. Determine z(8).
23
Let p(s) = -s**3 - 14*s**2 - 17*s - 50. What is p(-13)?
2
Let f(v) = v**2 + 6*v - 3. What is f(-11)?
52
Let i(o) = 4*o + 3. Calculate i(-3).
-9
Let f(x) = -x - 9. Calculate f(-7).
-2
Let d(u) = -u**2 - 10*u + 29. What is d(-12)?
5
Let r(f) = f**3 + 9*f**2 - 9*f - 86. Give r(-9).
-5
Let k(u) = -u**3 + 10*u**2 + 57*u - 14. What is k(14)?
0
Let f(x) = 7*x + 11. Determine f(-5).
-24
Let o(b) = -7*b + 10. Give o(3).
-11
Let h(s) = s**2 - s - 77. Determine h(-8).
-5
Let p(m) = -m**2 + 17*m - 28. Give p(16).
-12
Let t(v) = -10*v + 97. Give t(10).
-3
Let m(g) = -9*g - 5. Give m(6).
-59
Let d(n) = 20*n**3 - 4*n - 2. Calculate d(-2).
-154
Let i(x) = x**3 - 9*x**2 - 11*x + 8. What is i(10)?
-2
Let o(i) = 3*i + 2. Determine o(2).
8
Let u(d) = -6*d - 9. What is u(5)?
-39
Let c(x) = x**3 - 23*x**2 + 41*x + 21. Give c(21).
0
Let z(u) = -u**2 + 4*u + 24. Calculate z(6).
12
Let y(m) = 3*m + 38. Calculate y(-12).
2
Let o(n) = 9*n - 4. Give o(-1).
-13
Let i(p) = -8*p**3 + p**2 - p - 3. Calculate i(-2).
67
Let s(l) = -9*l - 145. Determine s(-17).
8
Let b(a) = 4*a. What is b(-1)?
-4
Let m(q) = q**3 + 4*q**2 - 5*q - 1. Determine m(-5).
-1
Let a(m) = m**2 - 9*m + 8. What is a(3)?
-10
Let f(g) = g**3 + g**2 - 3. What is f(-3)?
-21
Let f(q) = q**2 + 15*q + 62. What is f(-8)?
6
Let v(u) = -3*u - 17. What is v(-6)?
1
Let k(m) = 11*m - 7. What is k(6)?
59
Let a(b) = b**2 + 20*b - 61. Determine a(-23).
8
Let q(v) = v**3 + 5*v**2 + 7*v. Calculate q(-2).
-2
Let c(d) = 4*d**2 - 18*d - 8. Determine c(8).
104
Let l(v) = -v**2 + 2*v - 4. Determine l(3).
-7
Let w(q) = -q - 7. Determine w(-12).
5
Let m(q) = q - 2. Give m(-3).
-5
Let v(h) = -h - 9. Determine v(-5).
-4
Let d(w) = w**2 + 10*w + 31. Determine d(-9).
22
Let f(y) = -8*y**3 - y**2 - y + 5. Give f(2).
-65
Let p(c) = c**2 + 12*c + 5. Give p(-12).
5
Let u(v) = 2*v + 21. Determine u(7).
35
Let w(v) = v**3 - 6*v**2 + 9*v - 8. Give w(6).
46
Let g(f) = f**3 + 2*f**2 + f + 10. Determine g(-3).
-2
Let f(w) = w**3 - 2*w**2 - 8*w + 3. Calculate f(4).
3
Let x(z) = z**2 + 11*z + 24. Give x(-8).
0
Let o(z) = 3*z + 56. Calculate o(-21).
-7
Let i(u) = -u + 2. Give i(1).
1
Let c(w) = -w**3 + 2*w**2 - 2*w + 1. Determine c(1).
0
Let h(r) = 13*r + 144. Give h(-12).
-12
Let v(b) = b**3 - b**2 - b - 3. Calculate v(0).
-3
Let y(f) = 7*f - 47. Determine y(8).
9
Let s(y) = -36*y**2 - y - 1. Calculate s(1).
-38
Let l(b) = b**3 + 7*b**2 + 5*b + 7. Give l(-5).
32
Let z(o) = o**3 + 3*o**2 - 5*o - 10. What is z(-4)?
-6
Let b(p) = -5*p**2 - 92*p - 120. Give b(-17).
-1
Let d(r) = 5*r - 12. What is d(-6)?
-42
Let u(j) = j**3 - 23*j**2 + 2*j - 75. Determine u(23).
-29
Let w(z) = -2*z. Give w(-2).
4
Let p(r) = 2*r - 5. What is p(7)?
9
Let q(o) = 18*o - 27. Give q(4).
45
Let w(k) = -12*k + 115. Give w(10).
-5
Let p(n) = 8*n**2 + n - 1. Calculate p(1).
8
Let v(d) = -d + 12. Determine v(11).
1
Let f(c) = 10*c + 39. Calculate f(-3).
9
Let o(j) = j**3 + 4*j**2 + 4*j. What is o(-3)?
-3
Let k(o) = 9*o - 5. Calculate k(-6).
-59
Let s(p) = -9*p - 27. What is s(-5)?
18
Let s(p) = -p**3 - p**2 - p - 9. What is s(0)?
-9
Let z(k) = -k + 10. Calculate z(6).
4
Let v(p) = p**3 + p**2 - 1. Determine v(3).
35
Let w(c) = -c**2 + 4*c + 22. Calculate w(6).
10
Let p(f) = -3*f - 50. Calculate p(-18).
4
Let h(o) = -o**2 + 19*o - 2. What is h(19)?
-2
Let b(u) = 27*u**3 + u**2. Calculate b(1).
28
Let g(l) = -10*l + 57. Determine g(6).
-3
Let f(h) = 3*h**3 + 2*h**2 + 2*h + 1. Calculate f(0).
1
Let k(s) = s**3 - s**2 + 5. Give k(-2).
-7
Let k(h) = 3*h + 28. What is k(-15)?
-17
Let d(m) = m**3 - 5*m**2 + m - 4. Determine d(5).
1
Let r(i) = -4*i + 9. Give r(3).
-3
Let d(a) = 2*a**2 - 21*a + 1. Calculate d(4).
-51
Let j(a) = -3*a**2 + 10*a + 25. Calculate j(-3).
-32
Let a(k) = -k**2 - 7*k - 1. Calculate a(-11).
-45
Let w(m) = -4*m**3 + 2*m**2 + 3*m. Calculate w(3).
-81
Let d(l) = -2*l**2 - 10*l + 13. Calculate d(-6).
1
Let x(m) = -4*m - 77. Determine x(-18).
-5
Let x(g) = -g**3 - 3*g**2 + 13*g + 31. Calculate x(-3).
-8
Let l(s) = -4*s**2 + 48*s + 3. What is l(12)?
3
Let l(v) = -9*v - 17. Give l(0).
-17
Let x(c) = 2*c**2 - 2*c + 12. Calculate x(0).
12
Let g(v) = v**3 + 3*v**2. Determine g(-3).
0
Let k(w) = -2*w + 13. What is k(3)?
7
Let j(k) = k - 3. Give j(11).
8
Let x(s) = 2*s**2 - 6*s - 116. Determine x(-6).
-8
Let k(f) = -f**2 + 3*f - 3. Give k(2).
-1
Let q(z) = z**2 - 4*z + 4. Give q(8).
36
Let y(q) = -6*q + 4. What is y(2)?
-8
Let o(j) = 3*j**2 + j. Determine o(-2).
10
Let n(i) = -2*i**2 + 25*i + 72. Determine n(15).
-3
Let u(g) = 22*g + 279. Calculate u(-13).
-7
Let h(q) = -q**2 + 11*q + 7. What is h(10)?
17
Let f(x) = x**2 + x + 26. Calculate f(8).
98
Let m(d) = -6*d - 1. What is m(-1)?
5
Let o(d) = -30*d + 39. What is o(2)?
-21
Let r(v) = -29*v - 55. Determine r(-2).
3
Let l(y) = 2*y**3 + 13*y**2 + 3*y - 15. Give l(-6).
3
Let n(u) = -5*u**2 - 2*u - 1. What is n(1)?
-8
Let x(k) = -14*k - 24. What is x(-6)?
60
Let a(g) = -g**2 - 9*g + 5. Give a(-11).
-17
Let o(s) = -s**2 - 2*s - 6. Calculate o(-2).
-6
Let h(r) = 6*r - 19. Calculate h(-11).
-85
Let i(l) = 7*l**2 - 5*l + 2. Calculate i(3).
50
Let s(o) = o**2 - 4*o + 2. Give s(4).
2
Let b(h) = -h**2 - 20*h + 22. Calculate b(-21).
1
Let o(t) = -t**3 + 16*t**2 - t + 11. What is o(16)?
-5
Let o(t) = -10*t + 125. Give o(12).
5
Let d(n) = -n**2 - n + 6. Give d(-4).
-6
Let k(l) = 2*l**2 + 13*l + 13. What is k(-6)?
7
Let u(f) = -6*f**2 - 8*f + 11. Calculate u(2).
-29
Let w(d) = -d**2 + 7*d + 6. Calculate w(7).
6
Let p(g) = 6*g - 17. Determine p(3).
1
Let j(c) = -2*c**2 + 6*c - 2. Calculate j(-3).
-38
Let k(w) = -4*w**3 + 25*w**2 - 18*w + 63. Give k(6).
-9
Let t(n) = -n**3 + 28*n**2 - n + 30. Determine t(28).
2
Let s(a) = a**2 - 22*a + 35. Give s(20).
-5
Let b(m) = -m**3 - 6*m**2 - 4*m - 1. Determine b(-5).
-6
Let x(c) = 4*c**2 + c + 2. Determine x(-2).
16
Let l(z) = 2*z + 5. Give l(-9).
-13
Let o(q) = q**3 - q**2 - 4*q + 11. Calculate o(5).
91
Let d(m) = -m**2 - 9. Give d(8).
-73
Let m(o) = 2*o + 2. Calculate m(1).
4
Let q(x) = -4*x + 51. Determine q(13).
-1
Let y(h) = 3*h - 40. Calculate y(13).
-1
Let c(y) = -y - 9. Determine c(7).
-16
Let r(u) = u**3 + 2*u**2 - u + 4. Calculate r(-3).
-2
Let d(k) = -k**3 - 6*k**2 + 17*k + 19. Determine d(-8).
11
Let v(u) = 90*u + 635. What is v(-7)?
5
Let q(s) = 5*s - 62. What is q